{"id":18623,"date":"2021-03-29T22:41:25","date_gmt":"2021-03-29T20:41:25","guid":{"rendered":"http:\/\/www.mskosticka.cz\/skritci\/?page_id=18623"},"modified":"2021-03-29T22:46:46","modified_gmt":"2021-03-29T20:46:46","slug":"informace-k-zapisu-do-1-trid-pro-skolni-rok-2021-2022","status":"publish","type":"page","link":"https:\/\/mskosticka.cz\/skritci\/aktuality\/informace-k-zapisu-do-1-trid-pro-skolni-rok-2021-2022\/","title":{"rendered":"Info k z\u00e1pisu do 1. t\u0159\u00edd Z\u0160 Juventa pro \u0161koln\u00ed rok 2021\/2022"},"content":{"rendered":"<p><a href=\"http:\/\/www.mskosticka.cz\/skritci\/wp-content\/uploads\/sites\/2\/2021\/03\/Informace-k-za\u0301pisu_2021_2022_s\u030ckolky.pdf\">Informace k za\u0301pisu pro rok 2021\/2022 do s\u030ckoly Juventa<\/a><\/p>\n","protected":false},"excerpt":{"rendered":"<p>Informace k za\u0301pisu pro rok 2021\/2022 do s\u030ckoly Juventa<\/p>\n","protected":false},"author":2,"featured_media":0,"parent":40,"menu_order":0,"comment_status":"closed","ping_status":"closed","template":"news.php","meta":{"footnotes":""},"class_list":["post-18623","page","type-page","status-publish","hentry"],"_links":{"self":[{"href":"https:\/\/mskosticka.cz\/skritci\/wp-json\/wp\/v2\/pages\/18623","targetHints":{"allow":["GET"]}}],"collection":[{"href":"https:\/\/mskosticka.cz\/skritci\/wp-json\/wp\/v2\/pages"}],"about":[{"href":"https:\/\/mskosticka.cz\/skritci\/wp-json\/wp\/v2\/types\/page"}],"author":[{"embeddable":true,"href":"https:\/\/mskosticka.cz\/skritci\/wp-json\/wp\/v2\/users\/2"}],"replies":[{"embeddable":true,"href":"https:\/\/mskosticka.cz\/skritci\/wp-json\/wp\/v2\/comments?post=18623"}],"version-history":[{"count":3,"href":"https:\/\/mskosticka.cz\/skritci\/wp-json\/wp\/v2\/pages\/18623\/revisions"}],"predecessor-version":[{"id":18627,"href":"https:\/\/mskosticka.cz\/skritci\/wp-json\/wp\/v2\/pages\/18623\/revisions\/18627"}],"up":[{"embeddable":true,"href":"https:\/\/mskosticka.cz\/skritci\/wp-json\/wp\/v2\/pages\/40"}],"wp:attachment":[{"href":"https:\/\/mskosticka.cz\/skritci\/wp-json\/wp\/v2\/media?parent=18623"}],"curies":[{"name":"wp","href":"https:\/\/api.w.org\/{rel}","templated":true}]}}