{"id":22974,"date":"2023-03-09T08:55:22","date_gmt":"2023-03-09T07:55:22","guid":{"rendered":"http:\/\/www.mskosticka.cz\/skritci\/?page_id=22974"},"modified":"2023-03-20T22:20:00","modified_gmt":"2023-03-20T21:20:00","slug":"den-otevrenych-zemi","status":"publish","type":"page","link":"https:\/\/mskosticka.cz\/skritci\/aktuality\/den-otevrenych-zemi\/","title":{"rendered":"Den otev\u0159en\u00fdch dve\u0159\u00ed"},"content":{"rendered":"<p><a href=\"http:\/\/www.mskosticka.cz\/skritci\/wp-content\/uploads\/sites\/2\/2023\/03\/plak\u00e1t-den-otev\u0159en.dve\u0159\u00ed.png\"><img loading=\"lazy\" decoding=\"async\" class=\"alignnone size-medium wp-image-22997\" src=\"http:\/\/www.mskosticka.cz\/skritci\/wp-content\/uploads\/sites\/2\/2023\/03\/plak\u00e1t-den-otev\u0159en.dve\u0159\u00ed-300x212.png\" alt=\"\" width=\"300\" height=\"212\" \/><\/a><\/p>\n","protected":false},"excerpt":{"rendered":"","protected":false},"author":2,"featured_media":0,"parent":40,"menu_order":0,"comment_status":"closed","ping_status":"closed","template":"news.php","meta":{"footnotes":""},"class_list":["post-22974","page","type-page","status-publish","hentry"],"_links":{"self":[{"href":"https:\/\/mskosticka.cz\/skritci\/wp-json\/wp\/v2\/pages\/22974","targetHints":{"allow":["GET"]}}],"collection":[{"href":"https:\/\/mskosticka.cz\/skritci\/wp-json\/wp\/v2\/pages"}],"about":[{"href":"https:\/\/mskosticka.cz\/skritci\/wp-json\/wp\/v2\/types\/page"}],"author":[{"embeddable":true,"href":"https:\/\/mskosticka.cz\/skritci\/wp-json\/wp\/v2\/users\/2"}],"replies":[{"embeddable":true,"href":"https:\/\/mskosticka.cz\/skritci\/wp-json\/wp\/v2\/comments?post=22974"}],"version-history":[{"count":6,"href":"https:\/\/mskosticka.cz\/skritci\/wp-json\/wp\/v2\/pages\/22974\/revisions"}],"predecessor-version":[{"id":22998,"href":"https:\/\/mskosticka.cz\/skritci\/wp-json\/wp\/v2\/pages\/22974\/revisions\/22998"}],"up":[{"embeddable":true,"href":"https:\/\/mskosticka.cz\/skritci\/wp-json\/wp\/v2\/pages\/40"}],"wp:attachment":[{"href":"https:\/\/mskosticka.cz\/skritci\/wp-json\/wp\/v2\/media?parent=22974"}],"curies":[{"name":"wp","href":"https:\/\/api.w.org\/{rel}","templated":true}]}}