{"id":22987,"date":"2023-03-20T21:43:01","date_gmt":"2023-03-20T20:43:01","guid":{"rendered":"http:\/\/www.mskosticka.cz\/skritci\/?page_id=22987"},"modified":"2023-03-20T21:59:44","modified_gmt":"2023-03-20T20:59:44","slug":"zapis_2023","status":"publish","type":"page","link":"https:\/\/mskosticka.cz\/skritci\/aktuality\/zapis_2023\/","title":{"rendered":"Z\u00e1pis do mate\u0159sk\u00e9 \u0161koly"},"content":{"rendered":"<p><a href=\"http:\/\/www.mskosticka.cz\/skritci\/wp-content\/uploads\/sites\/2\/2023\/03\/prijimanideti.png\"><img loading=\"lazy\" decoding=\"async\" class=\"alignnone size-medium wp-image-22995\" src=\"http:\/\/www.mskosticka.cz\/skritci\/wp-content\/uploads\/sites\/2\/2023\/03\/prijimanideti-300x212.png\" alt=\"\" width=\"300\" height=\"212\" \/><\/a><\/p>\n","protected":false},"excerpt":{"rendered":"","protected":false},"author":2,"featured_media":0,"parent":40,"menu_order":0,"comment_status":"closed","ping_status":"closed","template":"news.php","meta":{"footnotes":""},"class_list":["post-22987","page","type-page","status-publish","hentry"],"_links":{"self":[{"href":"https:\/\/mskosticka.cz\/skritci\/wp-json\/wp\/v2\/pages\/22987","targetHints":{"allow":["GET"]}}],"collection":[{"href":"https:\/\/mskosticka.cz\/skritci\/wp-json\/wp\/v2\/pages"}],"about":[{"href":"https:\/\/mskosticka.cz\/skritci\/wp-json\/wp\/v2\/types\/page"}],"author":[{"embeddable":true,"href":"https:\/\/mskosticka.cz\/skritci\/wp-json\/wp\/v2\/users\/2"}],"replies":[{"embeddable":true,"href":"https:\/\/mskosticka.cz\/skritci\/wp-json\/wp\/v2\/comments?post=22987"}],"version-history":[{"count":6,"href":"https:\/\/mskosticka.cz\/skritci\/wp-json\/wp\/v2\/pages\/22987\/revisions"}],"predecessor-version":[{"id":22996,"href":"https:\/\/mskosticka.cz\/skritci\/wp-json\/wp\/v2\/pages\/22987\/revisions\/22996"}],"up":[{"embeddable":true,"href":"https:\/\/mskosticka.cz\/skritci\/wp-json\/wp\/v2\/pages\/40"}],"wp:attachment":[{"href":"https:\/\/mskosticka.cz\/skritci\/wp-json\/wp\/v2\/media?parent=22987"}],"curies":[{"name":"wp","href":"https:\/\/api.w.org\/{rel}","templated":true}]}}