{"id":24335,"date":"2024-05-23T08:13:04","date_gmt":"2024-05-23T06:13:04","guid":{"rendered":"http:\/\/www.mskosticka.cz\/skritci\/?page_id=24335"},"modified":"2024-05-23T08:17:09","modified_gmt":"2024-05-23T06:17:09","slug":"24335-2","status":"publish","type":"page","link":"https:\/\/mskosticka.cz\/skritci\/aktuality\/24335-2\/","title":{"rendered":"P\u0159ijat\u00e9 d\u011bti do M\u0160 Kosti\u010dka, Tyr\u0161ova 1500, Milovice, 289 23 pro \u0161koln\u00ed rok 2024\/2025"},"content":{"rendered":"<p><a href=\"http:\/\/www.mskosticka.cz\/skritci\/wp-content\/uploads\/sites\/2\/2024\/05\/prijati_zapis_24-25.pdf\">P\u0159ijat\u00ed pro \u0161koln\u00ed rok 2024\/2025<\/a><\/p>\n","protected":false},"excerpt":{"rendered":"<p>P\u0159ijat\u00ed pro \u0161koln\u00ed rok 2024\/2025<\/p>\n","protected":false},"author":2,"featured_media":0,"parent":40,"menu_order":0,"comment_status":"closed","ping_status":"closed","template":"news.php","meta":{"footnotes":""},"class_list":["post-24335","page","type-page","status-publish","hentry"],"_links":{"self":[{"href":"https:\/\/mskosticka.cz\/skritci\/wp-json\/wp\/v2\/pages\/24335","targetHints":{"allow":["GET"]}}],"collection":[{"href":"https:\/\/mskosticka.cz\/skritci\/wp-json\/wp\/v2\/pages"}],"about":[{"href":"https:\/\/mskosticka.cz\/skritci\/wp-json\/wp\/v2\/types\/page"}],"author":[{"embeddable":true,"href":"https:\/\/mskosticka.cz\/skritci\/wp-json\/wp\/v2\/users\/2"}],"replies":[{"embeddable":true,"href":"https:\/\/mskosticka.cz\/skritci\/wp-json\/wp\/v2\/comments?post=24335"}],"version-history":[{"count":3,"href":"https:\/\/mskosticka.cz\/skritci\/wp-json\/wp\/v2\/pages\/24335\/revisions"}],"predecessor-version":[{"id":24339,"href":"https:\/\/mskosticka.cz\/skritci\/wp-json\/wp\/v2\/pages\/24335\/revisions\/24339"}],"up":[{"embeddable":true,"href":"https:\/\/mskosticka.cz\/skritci\/wp-json\/wp\/v2\/pages\/40"}],"wp:attachment":[{"href":"https:\/\/mskosticka.cz\/skritci\/wp-json\/wp\/v2\/media?parent=24335"}],"curies":[{"name":"wp","href":"https:\/\/api.w.org\/{rel}","templated":true}]}}