{"id":24685,"date":"2025-08-18T22:24:24","date_gmt":"2025-08-18T20:24:24","guid":{"rendered":"https:\/\/mskosticka.cz\/skritci\/?page_id=24685"},"modified":"2026-02-15T01:24:13","modified_gmt":"2026-02-15T00:24:13","slug":"zacatek-noveho-skolniho-roku-2025-2026","status":"publish","type":"page","link":"https:\/\/mskosticka.cz\/skritci\/aktuality\/zacatek-noveho-skolniho-roku-2025-2026\/","title":{"rendered":"ZA\u010c\u00c1TEK NOV\u00c9HO \u0160KOLN\u00cdHO ROKU 2025\/ 2026"},"content":{"rendered":"\n<p>V\u00e1\u017een\u00ed rodi\u010de,<\/p>\n\n\n\n<p>nov\u00fd \u0161koln\u00ed rok n\u00e1m klepe na dve\u0159e, proto mi dovolte p\u00e1r informac\u00ed.<\/p>\n\n\n\n<p>Za\u010d\u00edn\u00e1me 1.9. 2025 \u2013 pros\u00edm p\u0159ive\u010fte d\u011bti nejpozd\u011bji do 8 hodin. D\u011bti pot\u0159ebuj\u00ed pouze ba\u010dkorky a n\u011bkdo i py\u017eamko, pokud bude hned prvn\u00ed den ve \u0161kolce odpo\u010d\u00edvat. Pros\u00edm pro dal\u0161\u00ed informace pro nov\u011b p\u0159ijat\u00e9 d\u011bti se pod\u00edvejte do sekce P\u0159ij\u00edm\u00e1n\u00ed d\u011bt\u00ed \u2013 adapta\u010dn\u00ed program.<\/p>\n\n\n\n<p>Na prosklen\u00fdch dve\u0159\u00edch do kancel\u00e1\u0159e budou seznamy d\u011bt\u00ed, kde bude naps\u00e1no, do kter\u00e9 t\u0159\u00eddy, kter\u00e9 d\u00edt\u011b p\u016fjde.<\/p>\n\n\n\n<p>Pros\u00edm pokud v\u00edte, \u017ee Va\u0161e d\u00edt\u011b 1.9. do \u0161kolky nenastoup\u00ed, omluvte ho<\/p>\n\n\n\n<p>na tel.: 724 354 534, jinak s n\u00edm bude po\u010d\u00edt\u00e1no a bude mu objedn\u00e1na a \u00fa\u010dtov\u00e1na strava.<\/p>\n\n\n\n<p>V \u0161atn\u00e1ch jednotliv\u00fdch t\u0159\u00edd na v\u00e1s budou \u010dekat pan\u00ed u\u010ditelky s informacemi pro V\u00e1s d\u016fle\u017eit\u00fdmi.<\/p>\n\n\n\n<p>Z\u00e1sadn\u00ed informace se dozv\u00edte a\u017e na t\u0159\u00eddn\u00edch sch\u016fzk\u00e1ch, kde budeme \u0159e\u0161it p\u0159ihl\u00e1\u0161en\u00ed ke stravov\u00e1n\u00ed, platby \u0161koln\u00e9ho, informace o \u0161koln\u00edm vzd\u011bl\u00e1vac\u00edm programu a o dal\u0161\u00edch \u0161koln\u00edch aktivit\u00e1ch.<\/p>\n\n\n\n<p>T\u0158\u00cdDN\u00cd SCHUZKY se budou konat<\/p>\n\n\n\n<p>v M\u0160 KOSTI\u010cKA 9.9. od 17 hodin ve t\u0159\u00edd\u00e1ch.<\/p>\n\n\n\n<p>v M\u0160 U VEVEREK 10.9. od 17 hodin ve t\u0159\u00edd\u00e1ch.<\/p>\n\n\n\n<p>T\u011b\u0161\u00edme se na v\u00e1s a va\u0161e d\u011bti,<\/p>\n\n\n\n<p>Jana K\u0159i\u0161\u0165anov\u00e1 a t\u00fdmy obou \u0161kolek.<\/p>\n","protected":false},"excerpt":{"rendered":"<p>V\u00e1\u017een\u00ed rodi\u010de, nov\u00fd \u0161koln\u00ed rok n\u00e1m klepe na dve\u0159e, proto mi dovolte p\u00e1r informac\u00ed. Za\u010d\u00edn\u00e1me 1.9. 2025 \u2013 pros\u00edm p\u0159ive\u010fte &hellip;<\/p>\n","protected":false},"author":2,"featured_media":0,"parent":40,"menu_order":0,"comment_status":"closed","ping_status":"closed","template":"news.php","meta":{"footnotes":""},"class_list":["post-24685","page","type-page","status-publish","hentry"],"_links":{"self":[{"href":"https:\/\/mskosticka.cz\/skritci\/wp-json\/wp\/v2\/pages\/24685","targetHints":{"allow":["GET"]}}],"collection":[{"href":"https:\/\/mskosticka.cz\/skritci\/wp-json\/wp\/v2\/pages"}],"about":[{"href":"https:\/\/mskosticka.cz\/skritci\/wp-json\/wp\/v2\/types\/page"}],"author":[{"embeddable":true,"href":"https:\/\/mskosticka.cz\/skritci\/wp-json\/wp\/v2\/users\/2"}],"replies":[{"embeddable":true,"href":"https:\/\/mskosticka.cz\/skritci\/wp-json\/wp\/v2\/comments?post=24685"}],"version-history":[{"count":5,"href":"https:\/\/mskosticka.cz\/skritci\/wp-json\/wp\/v2\/pages\/24685\/revisions"}],"predecessor-version":[{"id":24846,"href":"https:\/\/mskosticka.cz\/skritci\/wp-json\/wp\/v2\/pages\/24685\/revisions\/24846"}],"up":[{"embeddable":true,"href":"https:\/\/mskosticka.cz\/skritci\/wp-json\/wp\/v2\/pages\/40"}],"wp:attachment":[{"href":"https:\/\/mskosticka.cz\/skritci\/wp-json\/wp\/v2\/media?parent=24685"}],"curies":[{"name":"wp","href":"https:\/\/api.w.org\/{rel}","templated":true}]}}