{"id":313,"date":"2012-04-05T09:00:47","date_gmt":"2012-04-05T07:00:47","guid":{"rendered":"http:\/\/misc.david-stary.cz\/mskosticka\/www\/?page_id=313"},"modified":"2018-12-26T21:07:00","modified_gmt":"2018-12-26T20:07:00","slug":"otevreni-kostickove-knihovny","status":"publish","type":"page","link":"https:\/\/mskosticka.cz\/skritci\/aktuality\/otevreni-kostickove-knihovny\/","title":{"rendered":"Otev\u0159en\u00ed Kosti\u010dkov\u00e9 knihovny"},"content":{"rendered":"<p>V b\u0159eznu byla otev\u0159ena pro rodi\u010de a d\u011bti Kosti\u010dkov\u00e1 knihovna. V odpoledn\u00edch hodin\u00e1ch si mohou d\u011bti s rodi\u010di p\u016fj\u010dovat kn\u00ed\u017eky a spole\u010dn\u011b si doma \u010d\u00edst.<\/p>\n","protected":false},"excerpt":{"rendered":"<p>V b\u0159eznu byla otev\u0159ena pro rodi\u010de a d\u011bti Kosti\u010dkov\u00e1 knihovna. V odpoledn\u00edch hodin\u00e1ch si mohou d\u011bti s rodi\u010di p\u016fj\u010dovat kn\u00ed\u017eky &hellip;<\/p>\n","protected":false},"author":2,"featured_media":557,"parent":40,"menu_order":5,"comment_status":"closed","ping_status":"closed","template":"news.php","meta":{"footnotes":""},"class_list":["post-313","page","type-page","status-publish","has-post-thumbnail","hentry"],"_links":{"self":[{"href":"https:\/\/mskosticka.cz\/skritci\/wp-json\/wp\/v2\/pages\/313","targetHints":{"allow":["GET"]}}],"collection":[{"href":"https:\/\/mskosticka.cz\/skritci\/wp-json\/wp\/v2\/pages"}],"about":[{"href":"https:\/\/mskosticka.cz\/skritci\/wp-json\/wp\/v2\/types\/page"}],"author":[{"embeddable":true,"href":"https:\/\/mskosticka.cz\/skritci\/wp-json\/wp\/v2\/users\/2"}],"replies":[{"embeddable":true,"href":"https:\/\/mskosticka.cz\/skritci\/wp-json\/wp\/v2\/comments?post=313"}],"version-history":[{"count":1,"href":"https:\/\/mskosticka.cz\/skritci\/wp-json\/wp\/v2\/pages\/313\/revisions"}],"predecessor-version":[{"id":13200,"href":"https:\/\/mskosticka.cz\/skritci\/wp-json\/wp\/v2\/pages\/313\/revisions\/13200"}],"up":[{"embeddable":true,"href":"https:\/\/mskosticka.cz\/skritci\/wp-json\/wp\/v2\/pages\/40"}],"wp:featuredmedia":[{"embeddable":true,"href":"https:\/\/mskosticka.cz\/skritci\/wp-json\/wp\/v2\/media\/557"}],"wp:attachment":[{"href":"https:\/\/mskosticka.cz\/skritci\/wp-json\/wp\/v2\/media?parent=313"}],"curies":[{"name":"wp","href":"https:\/\/api.w.org\/{rel}","templated":true}]}}