{"id":363,"date":"2013-08-20T09:33:27","date_gmt":"2013-08-20T07:33:27","guid":{"rendered":"http:\/\/misc.david-stary.cz\/mskosticka\/www\/?page_id=363"},"modified":"2018-12-26T21:07:01","modified_gmt":"2018-12-26T20:07:01","slug":"zacatek-noveho-skolniho-roku","status":"publish","type":"page","link":"https:\/\/mskosticka.cz\/skritci\/aktuality\/zacatek-noveho-skolniho-roku\/","title":{"rendered":"Za\u010d\u00e1tek nov\u00e9ho \u0161koln\u00edho roku"},"content":{"rendered":"<p>Mil\u00ed rodi\u010de a p\u0159\u00e1tel\u00e9 Kosti\u010dky,<br \/>\nbl\u00ed\u017e\u00ed se za\u010d\u00e1tek nov\u00e9ho \u0161koln\u00edho roku. V t\u00fddnu od 26. srpna budeme ve \u0161kolce p\u0159ipravovat pro d\u011bti t\u0159\u00eddy, hra\u010dky, \u00a0a v\u00fdtvarn\u00e9 a dal\u0161\u00ed pom\u016fcky.<br \/>\nBohu\u017eel mus\u00edme zv\u00fd\u0161it \u00a0\u0161koln\u00e9 od 1.9.2013 \u00a0z d\u016fvodu nav\u00fd\u0161en\u00ed cen za energie z p\u016fvodn\u00edch 350,-K\u010d na\u00a0<strong>400,- K\u010d m\u011bs\u00ed\u010dn\u011b<\/strong>.\u00a0 V n\u00e1sleduj\u00edc\u00edm \u0161koln\u00edm roce bude v na\u0161\u00ed \u0161kolce v\u011bt\u0161ina \u201ep\u0159ed\u0161kol\u00e1k\u016f\u201c \u2013 d\u011bt\u00ed v posledn\u00edm roce p\u0159ed n\u00e1stupem povinn\u00e9 \u0161koln\u00ed doch\u00e1zky,\u00a0kter\u00e9\u00a0\u0161koln\u00e9 ze z\u00e1kona 12 m\u011bs\u00edc\u016f neplat\u00ed.<br \/>\nKosti\u010dka z\u00edskala GRANT na Zahradu v p\u0159\u00edrodn\u00edm stylu \u2013 m\u00e1me velkou radost a \u010dek\u00e1 n\u00e1s mnoho pr\u00e1ce, ale pokud se poda\u0159\u00ed, co m\u00e1me v pl\u00e1nu, bude na\u0161e \u0161koln\u00ed zahrada kr\u00e1sn\u00e1 a v Milovic\u00edch nev\u00eddan\u00e1 a jedine\u010dn\u00e1.<br \/>\nM\u0160 KOSTI\u010cKA m\u00e1 nov\u011b zalo\u017een\u00fd facebook \u2013\u00a0<a href=\"https:\/\/www.facebook.com\/mskosticka\" target=\"_blank\" rel=\"noopener\">https:\/\/www.facebook.com\/mskosticka<\/a>, kam n\u00e1m m\u016f\u017eete napsat svoje n\u00e1zory, p\u0159\u00e1n\u00ed a p\u0159ipom\u00ednky a eventu\u00e1ln\u011b diskutovat s ostatn\u00edmi.<\/p>\n","protected":false},"excerpt":{"rendered":"<p>Mil\u00ed rodi\u010de a p\u0159\u00e1tel\u00e9 Kosti\u010dky, bl\u00ed\u017e\u00ed se za\u010d\u00e1tek nov\u00e9ho \u0161koln\u00edho roku. V t\u00fddnu od 26. srpna budeme ve \u0161kolce p\u0159ipravovat &hellip;<\/p>\n","protected":false},"author":2,"featured_media":0,"parent":40,"menu_order":22,"comment_status":"closed","ping_status":"closed","template":"news.php","meta":{"footnotes":""},"class_list":["post-363","page","type-page","status-publish","hentry"],"_links":{"self":[{"href":"https:\/\/mskosticka.cz\/skritci\/wp-json\/wp\/v2\/pages\/363","targetHints":{"allow":["GET"]}}],"collection":[{"href":"https:\/\/mskosticka.cz\/skritci\/wp-json\/wp\/v2\/pages"}],"about":[{"href":"https:\/\/mskosticka.cz\/skritci\/wp-json\/wp\/v2\/types\/page"}],"author":[{"embeddable":true,"href":"https:\/\/mskosticka.cz\/skritci\/wp-json\/wp\/v2\/users\/2"}],"replies":[{"embeddable":true,"href":"https:\/\/mskosticka.cz\/skritci\/wp-json\/wp\/v2\/comments?post=363"}],"version-history":[{"count":1,"href":"https:\/\/mskosticka.cz\/skritci\/wp-json\/wp\/v2\/pages\/363\/revisions"}],"predecessor-version":[{"id":13217,"href":"https:\/\/mskosticka.cz\/skritci\/wp-json\/wp\/v2\/pages\/363\/revisions\/13217"}],"up":[{"embeddable":true,"href":"https:\/\/mskosticka.cz\/skritci\/wp-json\/wp\/v2\/pages\/40"}],"wp:attachment":[{"href":"https:\/\/mskosticka.cz\/skritci\/wp-json\/wp\/v2\/media?parent=363"}],"curies":[{"name":"wp","href":"https:\/\/api.w.org\/{rel}","templated":true}]}}