{"id":457,"date":"2015-07-31T11:01:07","date_gmt":"2015-07-31T09:01:07","guid":{"rendered":"http:\/\/misc.david-stary.cz\/mskosticka\/www\/?page_id=457"},"modified":"2018-12-26T21:07:04","modified_gmt":"2018-12-26T20:07:04","slug":"pozor-pro-deti-ktere-jiz-chodily-do-kosticky","status":"publish","type":"page","link":"https:\/\/mskosticka.cz\/skritci\/aktuality\/pozor-pro-deti-ktere-jiz-chodily-do-kosticky\/","title":{"rendered":"Pozor pro d\u011bti, kter\u00e9 ji\u017e chodily do Kosti\u010dky&#8230;"},"content":{"rendered":"<p>V\u00e1\u017een\u00ed rodi\u010de a mil\u00e9 d\u011bti ze Zelen\u00e9 a \u017dlut\u00e9 t\u0159\u00eddy&#8230;<br \/>\nPan\u00ed u\u010ditelka G\u00e1bina m\u00e1 miminko a ode\u0161la na mate\u0159skou a m\u00edsto n\u00ed nastupuje do \u0161kolky nov\u00e1 pan\u00ed u\u010ditelka Jolana Pokorn\u00e1. P\u0159i t\u00e9 p\u0159\u00edle\u017eitosti se pan\u00ed u\u010ditelky ze \u017elut\u00e9 t\u0159\u00eddy Sm\u00ed\u0161ek-Lenka a Ka\u010dka i se \u201esv\u00fdmi d\u011btmi\u201c st\u011bhuj\u00ed do zelen\u00e9 t\u0159\u00eddy Kulihr\u00e1\u0161ek a pan\u00ed u\u010ditelky Ad\u00e9lka a Jolana se \u201esv\u00fdmi d\u011btmi\u201c do t\u0159\u00eddy Sm\u00ed\u0161ek. Tato v\u00fdm\u011bna nast\u00e1v\u00e1 proto, \u017ee pan\u00ed u\u010ditelka Lenka se specializuje na environment\u00e1ln\u00ed v\u00fdchovu, za\u010d\u00edn\u00e1 studovat program pro koordin\u00e1tory EVVO. Zelen\u00e1 t\u0159\u00edda je proto t\u00e9maticky l\u00e9pe vhodn\u00e1 pro pr\u00e1ci a \u010dinnosti s p\u0159\u00edrodou<\/p>\n","protected":false},"excerpt":{"rendered":"<p>V\u00e1\u017een\u00ed rodi\u010de a mil\u00e9 d\u011bti ze Zelen\u00e9 a \u017dlut\u00e9 t\u0159\u00eddy&#8230; Pan\u00ed u\u010ditelka G\u00e1bina m\u00e1 miminko a ode\u0161la na mate\u0159skou a &hellip;<\/p>\n","protected":false},"author":2,"featured_media":0,"parent":40,"menu_order":55,"comment_status":"closed","ping_status":"closed","template":"news.php","meta":{"footnotes":""},"class_list":["post-457","page","type-page","status-publish","hentry"],"_links":{"self":[{"href":"https:\/\/mskosticka.cz\/skritci\/wp-json\/wp\/v2\/pages\/457","targetHints":{"allow":["GET"]}}],"collection":[{"href":"https:\/\/mskosticka.cz\/skritci\/wp-json\/wp\/v2\/pages"}],"about":[{"href":"https:\/\/mskosticka.cz\/skritci\/wp-json\/wp\/v2\/types\/page"}],"author":[{"embeddable":true,"href":"https:\/\/mskosticka.cz\/skritci\/wp-json\/wp\/v2\/users\/2"}],"replies":[{"embeddable":true,"href":"https:\/\/mskosticka.cz\/skritci\/wp-json\/wp\/v2\/comments?post=457"}],"version-history":[{"count":1,"href":"https:\/\/mskosticka.cz\/skritci\/wp-json\/wp\/v2\/pages\/457\/revisions"}],"predecessor-version":[{"id":13250,"href":"https:\/\/mskosticka.cz\/skritci\/wp-json\/wp\/v2\/pages\/457\/revisions\/13250"}],"up":[{"embeddable":true,"href":"https:\/\/mskosticka.cz\/skritci\/wp-json\/wp\/v2\/pages\/40"}],"wp:attachment":[{"href":"https:\/\/mskosticka.cz\/skritci\/wp-json\/wp\/v2\/media?parent=457"}],"curies":[{"name":"wp","href":"https:\/\/api.w.org\/{rel}","templated":true}]}}