{"id":462,"date":"2015-11-10T11:02:59","date_gmt":"2015-11-10T10:02:59","guid":{"rendered":"http:\/\/misc.david-stary.cz\/mskosticka\/www\/?page_id=462"},"modified":"2018-12-26T21:07:04","modified_gmt":"2018-12-26T20:07:04","slug":"uzavreni-ms-kosticka-ve-sk-roce-201516","status":"publish","type":"page","link":"https:\/\/mskosticka.cz\/skritci\/aktuality\/uzavreni-ms-kosticka-ve-sk-roce-201516\/","title":{"rendered":"Uzav\u0159en\u00ed M\u0160 Kosti\u010dka ve \u0161k. roce 2015\/16"},"content":{"rendered":"<p>Rada m\u011bsta na sv\u00e9m jedn\u00e1n\u00ed dne 5.11.2015 projednala n\u00e1vrh na uzav\u0159en\u00ed mate\u0159sk\u00fdch \u0161kol ve \u0161koln\u00edm roce 2015\/2016 v\u00a0obdob\u00ed v\u00e1no\u010dn\u00edch a hlavn\u00edch letn\u00edch pr\u00e1zdnin a p\u0159ijala n\u00e1sleduj\u00edc\u00ed usnesen\u00ed:<br \/>\n<strong>Usnesen\u00ed \u010d. 679\/2015:<\/strong><br \/>\nRada m\u011bsta<br \/>\n<strong>a) schvaluje<\/strong> uzav\u0159en\u00ed provozu p\u0159\u00edsp\u011bvkov\u00e9 organizace \u201e Mate\u0159sk\u00e1 \u0161kola Kosti\u010dka, p\u0159\u00edsp\u011bvkov\u00e1 organizace Milovice \u2013 Mlad\u00e1\u201c v\u00a0obdob\u00ed v\u00e1no\u010dn\u00edch pr\u00e1zdnin od 23. 12. 2015 do 3. 1. 2016,<br \/>\n<strong>b) schvaluje<\/strong> uzav\u0159en\u00ed provozu p\u0159\u00edsp\u011bvkov\u00e9 organizace\u201e Mate\u0159sk\u00e1 \u0161kola Kosti\u010dka, p\u0159\u00edsp\u011bvkov\u00e1 organizace Milovice \u2013 Mlad\u00e1\u201c v\u00a0obdob\u00ed hlavn\u00edch letn\u00edch pr\u00e1zdnin od 1. 7. 2016 do 31. 7. 2016.<br \/>\n<strong>Hlasov\u00e1n\u00ed: pro 4, proti 0, zdr\u017eel se 0.<\/strong><br \/>\nDal\u0161\u00ed informace k pr\u00e1zdninov\u00e9mu provozu najdete v sekci Letn\u00ed pr\u00e1zdninov\u00fd provoz.<\/p>\n","protected":false},"excerpt":{"rendered":"<p>Rada m\u011bsta na sv\u00e9m jedn\u00e1n\u00ed dne 5.11.2015 projednala n\u00e1vrh na uzav\u0159en\u00ed mate\u0159sk\u00fdch \u0161kol ve \u0161koln\u00edm roce 2015\/2016 v\u00a0obdob\u00ed v\u00e1no\u010dn\u00edch a &hellip;<\/p>\n","protected":false},"author":2,"featured_media":0,"parent":40,"menu_order":57,"comment_status":"closed","ping_status":"closed","template":"news.php","meta":{"footnotes":""},"class_list":["post-462","page","type-page","status-publish","hentry"],"_links":{"self":[{"href":"https:\/\/mskosticka.cz\/skritci\/wp-json\/wp\/v2\/pages\/462","targetHints":{"allow":["GET"]}}],"collection":[{"href":"https:\/\/mskosticka.cz\/skritci\/wp-json\/wp\/v2\/pages"}],"about":[{"href":"https:\/\/mskosticka.cz\/skritci\/wp-json\/wp\/v2\/types\/page"}],"author":[{"embeddable":true,"href":"https:\/\/mskosticka.cz\/skritci\/wp-json\/wp\/v2\/users\/2"}],"replies":[{"embeddable":true,"href":"https:\/\/mskosticka.cz\/skritci\/wp-json\/wp\/v2\/comments?post=462"}],"version-history":[{"count":1,"href":"https:\/\/mskosticka.cz\/skritci\/wp-json\/wp\/v2\/pages\/462\/revisions"}],"predecessor-version":[{"id":13252,"href":"https:\/\/mskosticka.cz\/skritci\/wp-json\/wp\/v2\/pages\/462\/revisions\/13252"}],"up":[{"embeddable":true,"href":"https:\/\/mskosticka.cz\/skritci\/wp-json\/wp\/v2\/pages\/40"}],"wp:attachment":[{"href":"https:\/\/mskosticka.cz\/skritci\/wp-json\/wp\/v2\/media?parent=462"}],"curies":[{"name":"wp","href":"https:\/\/api.w.org\/{rel}","templated":true}]}}