{"id":510,"date":"2012-02-12T11:21:44","date_gmt":"2012-02-12T10:21:44","guid":{"rendered":"http:\/\/misc.david-stary.cz\/mskosticka\/www\/?page_id=510"},"modified":"2024-02-02T11:15:07","modified_gmt":"2024-02-02T10:15:07","slug":"podporujeme-spolecne-cteni-rodicu-s-detmi","status":"publish","type":"page","link":"https:\/\/mskosticka.cz\/skritci\/kalendar-akci\/podporujeme-spolecne-cteni-rodicu-s-detmi\/","title":{"rendered":"Podporujeme spole\u010dn\u00e9 \u010dten\u00ed rodi\u010d\u016f s d\u011btmi"},"content":{"rendered":"<p>Vytvo\u0159ili jsme spole\u010dn\u011b s v\u00e1mi, s rodi\u010di, \u201eKosti\u010dkovou knihovnu\u201c.<br \/>\nM\u016f\u017eete si vyp\u016fj\u010dit d\u011btsk\u00e9 knihy ze \u0161kolky dom\u016f, spole\u010dn\u011b s d\u011btmi je p\u0159e\u010d\u00edst a pot\u00e9 zase vr\u00e1tit do knihovny.<br \/>\nP\u016fj\u010dit knihy si m\u016f\u017eete ka\u017ed\u00fd den v odpoledn\u00edch hodin\u00e1ch u pan\u00ed u\u010ditelek v jednotliv\u00fdch t\u0159\u00edd\u00e1ch. Toto m\u016f\u017ee ud\u011blat jen ten, kdo bude v Kosti\u010dkov\u00e9 knihovn\u011b zaregistrovan\u00fd a bude m\u00edt uhrazen\u00fd ro\u010dn\u00ed registra\u010dn\u00ed poplatek 100 K\u010d. Ten vyu\u017eijeme na n\u00e1kup dal\u0161\u00edch kn\u00ed\u017eek nejen pro d\u011bti, ale tak\u00e9 odborn\u00fdch pro rodi\u010de. Kter\u00e9 d\u00edt\u011b bude p\u0159ihl\u00e1\u0161eno do Kosti\u010dkov\u00e9 knihovny, dostane pr\u016fkazku pro \u010dten\u00e1\u0159e, do kter\u00e9 se bude zaznamen\u00e1vat, jakou knihu si vyp\u016fj\u010dilo.<\/p>\n","protected":false},"excerpt":{"rendered":"<p>Vytvo\u0159ili jsme spole\u010dn\u011b s v\u00e1mi, s rodi\u010di, \u201eKosti\u010dkovou knihovnu\u201c. M\u016f\u017eete si vyp\u016fj\u010dit d\u011btsk\u00e9 knihy ze \u0161kolky dom\u016f, spole\u010dn\u011b s d\u011btmi &hellip;<\/p>\n","protected":false},"author":2,"featured_media":550,"parent":1430,"menu_order":3,"comment_status":"closed","ping_status":"closed","template":"projects.php","meta":{"footnotes":""},"class_list":["post-510","page","type-page","status-publish","has-post-thumbnail","hentry"],"_links":{"self":[{"href":"https:\/\/mskosticka.cz\/skritci\/wp-json\/wp\/v2\/pages\/510","targetHints":{"allow":["GET"]}}],"collection":[{"href":"https:\/\/mskosticka.cz\/skritci\/wp-json\/wp\/v2\/pages"}],"about":[{"href":"https:\/\/mskosticka.cz\/skritci\/wp-json\/wp\/v2\/types\/page"}],"author":[{"embeddable":true,"href":"https:\/\/mskosticka.cz\/skritci\/wp-json\/wp\/v2\/users\/2"}],"replies":[{"embeddable":true,"href":"https:\/\/mskosticka.cz\/skritci\/wp-json\/wp\/v2\/comments?post=510"}],"version-history":[{"count":1,"href":"https:\/\/mskosticka.cz\/skritci\/wp-json\/wp\/v2\/pages\/510\/revisions"}],"predecessor-version":[{"id":13282,"href":"https:\/\/mskosticka.cz\/skritci\/wp-json\/wp\/v2\/pages\/510\/revisions\/13282"}],"up":[{"embeddable":true,"href":"https:\/\/mskosticka.cz\/skritci\/wp-json\/wp\/v2\/pages\/1430"}],"wp:featuredmedia":[{"embeddable":true,"href":"https:\/\/mskosticka.cz\/skritci\/wp-json\/wp\/v2\/media\/550"}],"wp:attachment":[{"href":"https:\/\/mskosticka.cz\/skritci\/wp-json\/wp\/v2\/media?parent=510"}],"curies":[{"name":"wp","href":"https:\/\/api.w.org\/{rel}","templated":true}]}}