{"id":14381,"date":"2022-09-01T23:06:22","date_gmt":"2022-09-01T21:06:22","guid":{"rendered":"http:\/\/www.mskosticka.cz\/veverky\/?page_id=14381"},"modified":"2022-09-01T23:14:12","modified_gmt":"2022-09-01T21:14:12","slug":"zacatek-noveho-skolniho-roku-2022-23","status":"publish","type":"page","link":"https:\/\/mskosticka.cz\/veverky\/aktuality\/zacatek-noveho-skolniho-roku-2022-23\/","title":{"rendered":"Za\u010datek nov\u00e9ho \u0161koln\u00edho roku 2022\/2023"},"content":{"rendered":"<p>Za\u010datek nov\u00e9ho \u0161koln\u00edho roku 2022\/23<\/p>\n","protected":false},"excerpt":{"rendered":"<p>Za\u010datek nov\u00e9ho \u0161koln\u00edho roku 2022\/23<\/p>\n","protected":false},"author":2,"featured_media":0,"parent":8844,"menu_order":0,"comment_status":"closed","ping_status":"closed","template":"news.php","meta":{"footnotes":""},"class_list":["post-14381","page","type-page","status-publish","hentry"],"_links":{"self":[{"href":"https:\/\/mskosticka.cz\/veverky\/wp-json\/wp\/v2\/pages\/14381","targetHints":{"allow":["GET"]}}],"collection":[{"href":"https:\/\/mskosticka.cz\/veverky\/wp-json\/wp\/v2\/pages"}],"about":[{"href":"https:\/\/mskosticka.cz\/veverky\/wp-json\/wp\/v2\/types\/page"}],"author":[{"embeddable":true,"href":"https:\/\/mskosticka.cz\/veverky\/wp-json\/wp\/v2\/users\/2"}],"replies":[{"embeddable":true,"href":"https:\/\/mskosticka.cz\/veverky\/wp-json\/wp\/v2\/comments?post=14381"}],"version-history":[{"count":2,"href":"https:\/\/mskosticka.cz\/veverky\/wp-json\/wp\/v2\/pages\/14381\/revisions"}],"predecessor-version":[{"id":14383,"href":"https:\/\/mskosticka.cz\/veverky\/wp-json\/wp\/v2\/pages\/14381\/revisions\/14383"}],"up":[{"embeddable":true,"href":"https:\/\/mskosticka.cz\/veverky\/wp-json\/wp\/v2\/pages\/8844"}],"wp:attachment":[{"href":"https:\/\/mskosticka.cz\/veverky\/wp-json\/wp\/v2\/media?parent=14381"}],"curies":[{"name":"wp","href":"https:\/\/api.w.org\/{rel}","templated":true}]}}