{"id":17223,"date":"2023-05-22T23:05:19","date_gmt":"2023-05-22T21:05:19","guid":{"rendered":"http:\/\/www.mskosticka.cz\/veverky\/?page_id=17223"},"modified":"2023-05-22T23:09:40","modified_gmt":"2023-05-22T21:09:40","slug":"evidencni-cisla-prijatych-deti-pro-skolni-rok-2023","status":"publish","type":"page","link":"https:\/\/mskosticka.cz\/veverky\/aktuality\/evidencni-cisla-prijatych-deti-pro-skolni-rok-2023\/","title":{"rendered":"EVIDEN\u010cN\u00cd \u010c\u00cdSLA P\u0158IJAT\u00ddCH D\u011aT\u00cd  PRO \u0160KOLN\u00cd ROK 2023"},"content":{"rendered":"<p><a href=\"http:\/\/www.mskosticka.cz\/veverky\/wp-content\/uploads\/sites\/3\/2023\/05\/EVIDEN\u010cN\u00cd-\u010c\u00cdSLA-P\u0158IJAT\u00ddCH-D\u011aT\u00cd-PRO-\u0160KOLN\u00cd-ROK-2023.pdf\">EVIDEN\u010cN\u00cd \u010c\u00cdSLA P\u0158IJAT\u00ddCH D\u011aT\u00cd PRO \u0160KOLN\u00cd ROK 2023<\/a><\/p>\n","protected":false},"excerpt":{"rendered":"<p>EVIDEN\u010cN\u00cd \u010c\u00cdSLA P\u0158IJAT\u00ddCH D\u011aT\u00cd PRO \u0160KOLN\u00cd ROK 2023<\/p>\n","protected":false},"author":2,"featured_media":0,"parent":8844,"menu_order":0,"comment_status":"closed","ping_status":"closed","template":"news.php","meta":{"footnotes":""},"class_list":["post-17223","page","type-page","status-publish","hentry"],"_links":{"self":[{"href":"https:\/\/mskosticka.cz\/veverky\/wp-json\/wp\/v2\/pages\/17223","targetHints":{"allow":["GET"]}}],"collection":[{"href":"https:\/\/mskosticka.cz\/veverky\/wp-json\/wp\/v2\/pages"}],"about":[{"href":"https:\/\/mskosticka.cz\/veverky\/wp-json\/wp\/v2\/types\/page"}],"author":[{"embeddable":true,"href":"https:\/\/mskosticka.cz\/veverky\/wp-json\/wp\/v2\/users\/2"}],"replies":[{"embeddable":true,"href":"https:\/\/mskosticka.cz\/veverky\/wp-json\/wp\/v2\/comments?post=17223"}],"version-history":[{"count":3,"href":"https:\/\/mskosticka.cz\/veverky\/wp-json\/wp\/v2\/pages\/17223\/revisions"}],"predecessor-version":[{"id":17227,"href":"https:\/\/mskosticka.cz\/veverky\/wp-json\/wp\/v2\/pages\/17223\/revisions\/17227"}],"up":[{"embeddable":true,"href":"https:\/\/mskosticka.cz\/veverky\/wp-json\/wp\/v2\/pages\/8844"}],"wp:attachment":[{"href":"https:\/\/mskosticka.cz\/veverky\/wp-json\/wp\/v2\/media?parent=17223"}],"curies":[{"name":"wp","href":"https:\/\/api.w.org\/{rel}","templated":true}]}}

EVIDENČNÍ ČÍSLA PŘIJATÝCH DĚTÍ  PRO ŠKOLNÍ ROK 2023

<p><a href="http://www.mskosticka.cz/veverky/wp-content/uploads/sites/3/2023/05/EVIDENČNÍ-ČÍSLA-PŘIJATÝCH-DĚTÍ-PRO-ŠKOLNÍ-ROK-2023.pdf">EVIDENČNÍ ČÍSLA PŘIJATÝCH DĚTÍ PRO ŠKOLNÍ ROK 2023</a></p>

<p>EVIDENČNÍ ČÍSLA PŘIJATÝCH DĚTÍ PRO ŠKOLNÍ ROK 2023</p>
