{"id":24526,"date":"2025-11-22T22:39:26","date_gmt":"2025-11-22T21:39:26","guid":{"rendered":"https:\/\/mskosticka.cz\/veverky\/?page_id=24526"},"modified":"2025-12-02T22:03:51","modified_gmt":"2025-12-02T21:03:51","slug":"uzavreni-skolky-ve-sk-roce-2025-2026","status":"publish","type":"page","link":"https:\/\/mskosticka.cz\/veverky\/aktuality\/uzavreni-skolky-ve-sk-roce-2025-2026\/","title":{"rendered":"Uzav\u0159en\u00ed \u0161kolky ve \u0161k. roce 2025\/2026"},"content":{"rendered":"\n\n\n<p>M\u0160 Kosti\u010dka a M\u0160 U Veverek budou o V\u00e1no\u010dn\u00edch pr\u00e1zdnin\u00e1ch <br>(22.12.2025 \u2013 2.1.2026) uzav\u0159eny.<\/p>\n\n\n\n<p>Na z\u00e1klad\u011b podpis\u016f v\u0161ech rodi\u010d\u016f, \u017ee v obdob\u00ed od 22.12.2025 do 2.1.2026 nepo\u017eaduj\u00ed um\u00edst\u011bn\u00edsv\u00e9ho d\u00edt\u011bte v M\u0160.<\/p>\n\n\n\n<p><a href=\"https:\/\/mskosticka.cz\/skritci\/wp-content\/uploads\/sites\/2\/2025\/11\/uzavreni-MS.pdf\">https:\/\/mskosticka.cz\/skritci\/wp-content\/uploads\/sites\/2\/2025\/11\/uzavreni-MS.pdf<\/a><\/p>\n","protected":false},"excerpt":{"rendered":"<p>M\u0160 Kosti\u010dka a M\u0160 U Veverek budou o V\u00e1no\u010dn\u00edch pr\u00e1zdnin\u00e1ch (22.12.2025 \u2013 2.1.2026) uzav\u0159eny. Na z\u00e1klad\u011b podpis\u016f v\u0161ech rodi\u010d\u016f, \u017ee &hellip;<\/p>\n","protected":false},"author":3,"featured_media":0,"parent":8844,"menu_order":0,"comment_status":"closed","ping_status":"closed","template":"news.php","meta":{"footnotes":""},"class_list":["post-24526","page","type-page","status-publish","hentry"],"_links":{"self":[{"href":"https:\/\/mskosticka.cz\/veverky\/wp-json\/wp\/v2\/pages\/24526","targetHints":{"allow":["GET"]}}],"collection":[{"href":"https:\/\/mskosticka.cz\/veverky\/wp-json\/wp\/v2\/pages"}],"about":[{"href":"https:\/\/mskosticka.cz\/veverky\/wp-json\/wp\/v2\/types\/page"}],"author":[{"embeddable":true,"href":"https:\/\/mskosticka.cz\/veverky\/wp-json\/wp\/v2\/users\/3"}],"replies":[{"embeddable":true,"href":"https:\/\/mskosticka.cz\/veverky\/wp-json\/wp\/v2\/comments?post=24526"}],"version-history":[{"count":4,"href":"https:\/\/mskosticka.cz\/veverky\/wp-json\/wp\/v2\/pages\/24526\/revisions"}],"predecessor-version":[{"id":24535,"href":"https:\/\/mskosticka.cz\/veverky\/wp-json\/wp\/v2\/pages\/24526\/revisions\/24535"}],"up":[{"embeddable":true,"href":"https:\/\/mskosticka.cz\/veverky\/wp-json\/wp\/v2\/pages\/8844"}],"wp:attachment":[{"href":"https:\/\/mskosticka.cz\/veverky\/wp-json\/wp\/v2\/media?parent=24526"}],"curies":[{"name":"wp","href":"https:\/\/api.w.org\/{rel}","templated":true}]}}