{"id":45,"date":"2017-10-06T22:29:54","date_gmt":"2017-10-06T20:29:54","guid":{"rendered":"http:\/\/localhost\/misc\/mskosticka\/www\/?page_id=19"},"modified":"2026-01-05T21:43:59","modified_gmt":"2026-01-05T20:43:59","slug":"o-nas","status":"publish","type":"page","link":"https:\/\/mskosticka.cz\/veverky\/o-nas\/","title":{"rendered":"O n\u00e1s"},"content":{"rendered":"<h2>M\u0160 U Veverek<\/h2>\n<h4>Je od 1. z\u00e1\u0159\u00ed 2018 odlou\u010den\u00fdm pracovi\u0161t\u011bm a z\u00e1rove\u0148 sou\u010d\u00e1st\u00ed M\u0160 Kosti\u010dka, p\u0159isp\u011bvkov\u00e1 organizace Milovice &#8211; Mlad\u00e1.<br \/>\nOdd\u011blila se od Z\u0160 a M\u0160 Juventa.<\/h4>\n<h4>Provozn\u00ed doba \u0161kolky: 6:00 \u2013 17:00 hod<\/h4>\n<h4>\u0160kolka m\u00e1\u00a0<strong>\u010dty\u0159i t\u0159\u00eddy, celkov\u00e1 kapacita je 95 d\u011bt\u00ed.<\/strong><\/h4>\n<ul>\n<li style=\"list-style-type: none\">\n<ul>\n<li>\n<h2>T\u0159\u00eddy se jmenuj\u00ed podle veverek:<\/h2>\n<\/li>\n<li>\n<h3>t\u0159\u00edda <strong>veverky Louskalky<\/strong><\/h3>\n<\/li>\n<li>\n<h3>t\u0159\u00edda <strong>veverky \u010ciperky<\/strong><\/h3>\n<\/li>\n<li>\n<h3>t\u0159\u00edda <strong>veverky Hopsalky<\/strong><\/h3>\n<\/li>\n<li>\n<h3>t\u0159\u00edda <strong>veverky Zrze\u010dky<\/strong><\/h3>\n<\/li>\n<\/ul>\n<\/li>\n<\/ul>\n<h4>B\u011bhem cel\u00e9ho dne se o va\u0161e d\u011bti staraj\u00ed\u00a0 pan\u00ed u\u010ditelky:<\/h4>\n<p><em>Kate\u0159ina \u010celustkov\u00e1 &#8211; z\u00e1stupkyn\u011b \u0159editelky M\u0160 Kosti\u010dka<\/em><br \/>\n<em>Ad\u00e9la Palasov\u00e1<\/em><br \/>\n<em>Kate\u0159ina Holanov\u00e1<\/em><br \/>\n<em>Dana Luka\u010dovi\u010dov\u00e1<\/em><br \/>\n<em>Alice Kratochv\u00edlov\u00e1<\/em><br \/>\n<em>Kate\u0159ina Jurov\u00e1<\/em><br \/>\n<em>Tereza Bou\u0161kov\u00e1<\/em><br \/>\n<em>Denisa Goralov\u00e1<\/em><br \/>\n<em>Bc. Veronika Doubkov\u00e1<\/em><\/p>\n<h4>Krom\u011b pan\u00ed u\u010ditelek ve \u0161kolce p\u016fsob\u00ed t\u0159i asistentky:<\/h4>\n<p><em>Jana Skuhrav\u00e1, <\/em><em>V\u011bra \u0160tef\u00edkov\u00e1<\/em>, <em>Eli\u0161ka \u010cervenkov\u00e1, Martina B\u00edlkov\u00e1<\/em><\/p>\n<h4>\u00daklid zaji\u0161\u0165uj\u00ed pan\u00ed ukl\u00edze\u010dky:<\/h4>\n<p><em>Iva Ulmanov\u00e1<\/em> a \u00a0<em>Andrea Trnkov\u00e1<\/em><\/p>\n<p><strong>\u0159editelka Mgr. Jana K\u0159i\u0161\u0165anov\u00e1<\/strong><br \/>\n\u00fa\u0159edn\u00ed hodiny: st\u0159eda 10:00 &#8211; 17:00<br \/>\nV budove M\u0160 Kosti\u010dka v kancel\u00e1\u0159i \u0159editelky<br \/>\nTyr\u0161ova 1500, Milovice<\/p>\n","protected":false},"excerpt":{"rendered":"<p>M\u0160 U Veverek Je od 1. z\u00e1\u0159\u00ed 2018 odlou\u010den\u00fdm pracovi\u0161t\u011bm a z\u00e1rove\u0148 sou\u010d\u00e1st\u00ed M\u0160 Kosti\u010dka, p\u0159isp\u011bvkov\u00e1 organizace Milovice &#8211; Mlad\u00e1. &hellip;<\/p>\n","protected":false},"author":2,"featured_media":0,"parent":0,"menu_order":1,"comment_status":"closed","ping_status":"closed","template":"","meta":{"footnotes":""},"class_list":["post-45","page","type-page","status-publish","hentry"],"_links":{"self":[{"href":"https:\/\/mskosticka.cz\/veverky\/wp-json\/wp\/v2\/pages\/45","targetHints":{"allow":["GET"]}}],"collection":[{"href":"https:\/\/mskosticka.cz\/veverky\/wp-json\/wp\/v2\/pages"}],"about":[{"href":"https:\/\/mskosticka.cz\/veverky\/wp-json\/wp\/v2\/types\/page"}],"author":[{"embeddable":true,"href":"https:\/\/mskosticka.cz\/veverky\/wp-json\/wp\/v2\/users\/2"}],"replies":[{"embeddable":true,"href":"https:\/\/mskosticka.cz\/veverky\/wp-json\/wp\/v2\/comments?post=45"}],"version-history":[{"count":19,"href":"https:\/\/mskosticka.cz\/veverky\/wp-json\/wp\/v2\/pages\/45\/revisions"}],"predecessor-version":[{"id":24569,"href":"https:\/\/mskosticka.cz\/veverky\/wp-json\/wp\/v2\/pages\/45\/revisions\/24569"}],"wp:attachment":[{"href":"https:\/\/mskosticka.cz\/veverky\/wp-json\/wp\/v2\/media?parent=45"}],"curies":[{"name":"wp","href":"https:\/\/api.w.org\/{rel}","templated":true}]}}